 Let a(x) be the second derivative of -x**5/5 + x**4/3 - x**3 - 5*x**2 + 5*x. Let y(b) = -6*a(b) - 5*i(b). Give y(0).
5
Let x = -1 + 3. Let f be -2*(-1 + (-4 - -4)). Let s(u) = -1 - 4*u**3 + 7*u**3 + 5*u**f - 4*u**x. Calculate s(1).
3
Let g(c) = c**3 - c**2 + 8*c**2 - 2*c**2 - 4 - 2*c. Let q(y) = -y**3 - 34*y**2 + 73*y + 31. Let i be q(-36). What is g(i)?
6
Let t(n) = 2*n**3 + 3. Let u(c) = -4*c**3 + c**2 + c - 6. Let m(v) = -5*t(v) - 2*u(v). Let w be 11/(462/24) - 36/14. Give m(w).
9
Let k(z) = z + 3. Let y be k(-2). Let f(h) = h**2 - 9*h**2 - y + 0*h + 0*h**2 - h. Calculate f(-1).
-8
Let q be (6/(-4))/((-3)/4). Suppose q*g + 0*g = 0, 2*w - 3*g - 6 = 0. Let k(l) = l**2 - 2*l - 1. What is k(w)?
2
Let y(k) = -k - 9. Suppose -3*g - 5*r = 7 + 6, -g + 2*r + 14 = 0. Let i(m) = 10*m**3 - m**2 + 1. Let o be i(-1). Let q = g + o. Give y(q).
-3
Let d be ((-52)/130)/((-2)/20). Let w(f) = f**2 - f - 1. Calculate w(d).
11
Let p(s) = -s - 3. Let k be p(-8). Suppose -k*m - 4*g = -41, -3*m + 5*g = -7*m + 40. Let i(o) = -o**2 + 3*o. Determine i(m).
-10
Let c(f) be the first derivative of f**4/4 - f**3/3 - 3*f**2/2 - f + 1. Suppose 0 = -4*d + 9 + 3. Determine c(d).
8
Let l = -96 - -96. Let r(y) = -y**2 - 25. Determine r(l).
-25
Let g(f) = -f**2 + f - 3. Let q be g(0). Let k(c) = -2*c + 3. Let r(z) = -z + 1. Let t(l) = 4*k(l) - 11*r(l). What is t(q)?
-8
Suppose 0 = -4*q + 16 - 4. Let n(a) = a - 3. Calculate n(q).
0
Let t(a) = 36*a**2 - a - 66*a**2 - 8*a + 8 + 31*a**2. Calculate t(8).
0
Let y = 43 + -36. Let b(p) = -p**2 + 8*p - 8. Determine b(y).
-1
Let j = -2 + -1. Let z(p) = -3*p - 7. Let m(c) = -c - 1. Suppose 2*x - 5 = -1. Let v(t) = x*m(t) - z(t). Calculate v(j).
2
Let l(o) be the first derivative of -5*o**2/2 - 30. What is l(-1)?
5
Let m(y) = 2*y**2 - 3*y - 3. Suppose 3*b = 11 + 10. Suppose -v + 0*t - b = -t, 3*v - 4*t + 26 = 0. Determine m(v).
11
Let l be (-3)/2 + 18/4. Let v(x) be the second derivative of -3/2*x**2 - 1/3*x**l + 0 + x. Give v(-4).
5
Suppose -f - f = 0. Let r(z) = f - 7*z + 0*z**2 - 3*z**2 + 4 + 5*z**2. Give r(4).
8
Let o(g) = 5*g - 1. Suppose 0*y + 3*b = 3*y + 54, 0 = -5*y - 2*b - 76. Let t = 17 + y. What is o(t)?
4
Let v(o) = o - 2. Let t(s) be the third derivative of -s**4/12 - 7*s**3/6 - s**2. Suppose p - 4*g = g - 26, 0 = -5*g + 20. Let m be t(p). Determine v(m).
3
Let z(w) = -4*w. Let i(b) = 3*b - 7. Let q(g) = -4*g + 8. Let x(k) = -3*i(k) - 2*q(k). Let d be x(8). Give z(d).
12
Suppose -4*o + 4*z = 0, 0 = -3*o - 5*z + 32. Suppose -o = y - 2*h, 5*h - 3 = -5*y - 8. Let f(r) = r + 1. Give f(y).
-1
Let y(r) = 2*r. Suppose 4*j + 1 = 5. Let a = 1 + j. Give y(a).
4
Let t = 3 - 10. Let d(g) = 2*g - 1. Let h(n) = -n**2 - 5*n + 2. Let i(m) = t*d(m) - 2*h(m). What is i(3)?
9
Let l(h) be the third derivative of h**6/120 + h**5/10 - 7*h**4/24 + 2*h**3/3 + 7*h**2. What is l(-7)?
4
Let s be 1/(3 - 8/3). Let d(c) = c**2 - 5*c**2 + 11*c**2 + c**s + 2*c + 4*c - 4. Suppose -2*g = -4*w - 28, 3*w + 13 + 3 = -g. Determine d(w).
-4
Let c(o) = o**2 - o. Suppose -2*w - w = -6. Calculate c(w).
2
Let u = -23 - -32. Suppose -3*b = -i - u, 4*i - 6*i + 2*b - 6 = 0. Let v(z) = -z - 2. Calculate v(i).
-2
Let q(v) = -56*v + 57*v + 1 - 3 - 6 + v**2. What is q(0)?
-8
Let l(d) = -d + 11. Let x be l(4). Let o(q) = -x - 7*q**2 + 3 - 5*q + 8*q**2. Calculate o(3).
-10
Let c(m) = 3*m**3 + 4*m**2 - 4*m + 2. Let w(g) = 4*g**3 + 4*g**2 - 4*g + 3. Let x(i) = -3*c(i) + 2*w(i). Determine x(-5).
5
Suppose 4*l = i - 7, 4*l - 2 = 6*l. Let a(n) = -4*n**2 + 4*n + 1. Determine a(i).
-23
Let p(u) = -u**2 + 8*u - 7. Let v = 0 - 10. Let c be v*(1/(-2) - 0). Determine p(c).
8
Let s(t) = -t**2 - 5*t - 5. Let u = -13 + 16. Let g(l) = l**2 + 4*l + 4. Let r(d) = u*s(d) + 4*g(d). Give r(-3).
7
Let n(f) = f**3 - f**2 - 2*f + 1. Let r(y) = 5*y**3 - 4*y**2 - 9*y + 4. Let q(d) = -9*n(d) + 2*r(d). Suppose 0*u - 2 = 2*j - 2*u, 0 = -5*u - 5. What is q(j)?
-5
Let c = 11 + 1. Let o(i) = 7 - c + 7 + 2*i**2 + 3*i - i**2. What is o(-2)?
0
Let n(l) be the first derivative of 3*l**2/2 - 4*l - 1. Let d be 0*(2/4)/(-1). Suppose d = -a + 1, t = 2*t - a - 3. Give n(t).
8
Suppose 3*h = -11 + 20. Let z(y) = y**2 + 3. What is z(h)?
12
Let s(t) be the third derivative of t**4/3 - t**3/2 + 3*t**2. Let c(u) = 9*u - 4. Let f(g) = 2*c(g) - 3*s(g). Calculate f(1).
-5
Let f(s) be the second derivative of s**3/6 - 2*s**2 - 2*s. Suppose -a + 1 = v, 8*v - 3*v + 3*a - 3 = 0. What is f(v)?
-4
Let j = 26 - 16. Let s(m) = -2*m + 16 - 5*m**3 - 17 - j*m**3. What is s(-1)?
16
Let y(k) = 9*k**2 + k + 14*k**2 + 1 - 12*k**2. Let h(z) = 12*z**2 + z + 1. Let t(q) = 2*h(q) - 3*y(q). Calculate t(-1).
-9
Let g(v) = 4*v + 1. Suppose -2*k = 3*k - 15. What is g(k)?
13
Let u(m) = 75*m - 79*m - 4 + 1 + 4. Determine u(1).
-3
Let p(q) = 1 + 4*q**2 - 7*q + 3*q**2 - q**3 + 4. Let x be p(6). Let i(o) be the first derivative of -o**2/2 + o + 5. Calculate i(x).
2
Let y(t) = t**2. Suppose 3*z = -6, -o = -0*o + 4*z + 5. Determine y(o).
9
Suppose 4*y - 30 = d, 0*y - d = 4*y - 34. Let r(m) = m**3 - 8*m**2 - m. What is r(y)?
-8
Let u(d) = -6*d**3 + d. Let f be (-5 - -8) + 4 + -1. Let v be 2/(-8) + f/(-8). Give u(v).
5
Let v(l) = l**2 - 5*l + 1. Let a(b) = -9*b + 5. Let w(k) = -4*k + 2. Let i(s) = 3*a(s) - 7*w(s). Let f be i(4). Determine v(f).
1
Let j(y) = 9*y**2 - 17*y**2 + 9*y**2 - 1. Calculate j(2).
3
Let t(w) = 4*w + 7. Let u(q) = 13*q + 22. Let v(l) = -7*t(l) + 2*u(l). Let o(d) = -d - 3. Let n(p) = -7*o(p) + 4*v(p). Determine n(2).
-1
Suppose 0 = 5*d - 4*w + 2, -5*d + 4 + 0 = -2*w. Let u(v) = -10 + 10 + 3*v - d*v. What is u(-1)?
-1
Let x be 1*(7/(-28) + 7/(-4)). Let h(b) = b**3 + 4*b**2 + b. What is h(x)?
6
Let u be 3/(-9) - 14/(-6). Let j(b) be the first derivative of -b**2 + 3*b - 2. What is j(u)?
-1
Suppose -2*h - 2 = -0*h - n, -3*h - 3*n - 12 = 0. Let b(z) = -z - 1. Let s(m) = -m - 7. Let d(c) = h*b(c) + s(c). Let w be 3 - ((3 - 2) + -2). Give d(w).
-1
Let k be -2*2/(8/14). Let z(s) = -s**3 - 6*s**2 + 6*s - 6. Let r be z(k). Let g(t) = 0*t - t + 8 - 7. Give g(r).
0
Suppose -3*z = -6 - 12. Let g(j) = j**3 - 6*j**2 - j + 8. What is g(z)?
2
Let w(r) be the third derivative of -r**5/60 - 7*r**4/24 - r**3 + 14*r**2. Determine w(-7).
-6
Let h(o) = -o**3 + o**2 + o - 1. Let j(x) = 32*x**3 - 2*x**2 - 3*x + 3. Let l(k) = -3*h(k) - j(k). Give l(1).
-30
Suppose -5*l - 6 = -1. Let s(f) = 7*f + 3. Let m(j) = -j - 1. Let c(a) = a + 1. Let q(k) = -3*c(k) - 4*m(k). Let z(w) = 2*q(w) - s(w). Calculate z(l).
4
Let r(u) be the third derivative of -u**4/24 - 5*u**3/3 + 3*u**2. Let a be r(-6). Let i(k) = k - 3. What is i(a)?
-7
Let f(i) be the first derivative of -3 + 0*i - 3*i**2 - 1/3*i**3. Calculate f(-6).
0
Suppose 7 = k - 0*k + 2*g, 4*g = -3*k + 23. Let m(n) = n**3 - 9*n**2 + 2*n - 9. Give m(k).
9
Let r = 4 + -2. Let t(s) = -5*s - 1. Let d(y) = -y. Let x be 4*2/(-2 - -4). Let a(z) = x*d(z) - t(z). Determine a(r).
3
Let r(h) = h**3 - 10*h**2 + 9*h + 8. Let z be r(9). Suppose -6*c + 8 = -c + 4*p, -4*c = -4*p + z. Let o(q) = q**2 - 4. Give o(c).
-4
Let i(b) = b**3 - 3*b**2 - 7*b + 10. Let q be i(4). Let v(t) = t**2. Give v(q).
4
Let w(f) = -f**3 + 4*f**2 + 5. Suppose y + i + 1 = -0, -5*i - 37 = -3*y. What is w(y)?
5
Let q(g) be the second derivative of -g**6/24 + g**5/60 - g**3/6 - 7*g**2/2 + 7*g. Let d(a) be the first derivative of q(a). Calculate d(-1).
5
Let q(a) = -4*a**2 + 5*a - 7. Let s(l) = -l**2 + 2*l - 2. Let o(b) = -2*q(b) + 7*s(b). Calculate o(-2).
-4
Let o be (-1)/(-4) - 4/16. Suppose o = 2*s - 2*n + 20, s + s = -2*n - 4. Let r(t) = -t - 4. Calculate r(s).
2
Suppose 2*f - 10 = -4*t + 8, -16 = -2*f - 3*t. Let p = f - -17. Suppose r = q + 3*q + 7, q - 5*r - p = 0. Let c(i) = -2*i**2 - 2*i + 4. Determine c(q).
-8
Let l(q) = -5*q**2 - q + 6. Let i(u) = -4*u**2 - 2*u + 6. Let n(w) = -4*i(w) + 3*l(w). Give n(-6).
0
Let a(w) = 9*w**3 + w**2 - 4*w - 1. Let i(p) = 17*p**3 + 2*p**2 - 7*p - 2. Let h(u) = 7*a(u) - 4*i(u). Suppose 2 = 2*m + 4. Give h(m).
5
Let g(x) be the first derivative of 2 - 1/2*x**2 + 3*x. Let w = -8 + 5. Give g(w).
6
Let l(z) = -z**3 - z**2 - 3. Let c(w) = -4*w**3 - 4*w**2 - 10. Let h(n) = -2*c(n) + 7*l(n). Give h(-1).
-1
Let r(m) = 3*m - 1. Let q(w) = w**2 + 3*w + 2. Let y be q(-3). Let l be y*(5/2 + -2). Suppose -l = -3*k + 5. What is r